 = -a - p + 85. Let g = 464 - a. List the prime factors of g.
443
What are the prime factors of (-2841466)/(-669) + (3/9)/(1/2)?
2, 3, 59
Suppose z = l + 8, -z + 4*l + 0 = -20. What are the prime factors of z/(32/(-12))*-528?
2, 3, 11
Let y = -1699 - -1058. Let t = 1187 + y. List the prime factors of t.
2, 3, 7, 13
Let p = 5 - 0. Let d be 10*2/p - -1. Suppose 13 = 4*z + d*f, -f - 4 = z - 8. What are the prime factors of z?
7
Suppose -3*c - 5*u = 392, -295 = 2*c - u - 25. Let i = -88 - c. List the prime factors of i.
2, 23
Suppose -10*m - 1174 = -12174. Suppose -10*i = -m - 270. What are the prime factors of i?
137
Suppose -4*p = -3*s + 191, -3 = -13*s + 10*s. Suppose -206 = 4*i + 3*j + 2*j, -2*i - 3*j = 104. Let a = p - i. List the prime factors of a.
2
Suppose -2*l - 3*u = -7*u + 32, 3*u = 15. What are the prime factors of -20*(-242)/(-12)*9/l?
5, 11
Suppose 13*t = 2558 + 1875. What are the prime factors of t?
11, 31
List the prime factors of (40 - -1)/(-1*(-17)/3638).
2, 41, 107
Suppose l - 741 = -2145. Let n be (3/1)/(l/236 + 6). Suppose -n*z + 99 = -56*z. List the prime factors of z.
3, 11
Let t = -17422 - -31994. What are the prime factors of t?
2, 3643
What are the prime factors of (-8*(-6)/(-32))/(2/(-11588))?
3, 2897
Let n(s) = -321*s + 1241. What are the prime factors of n(-7)?
2, 109
Let n = 1977 - -223. List the prime factors of n.
2, 5, 11
Suppose 0 = 179*o - 164*o - 19335. Suppose 0 = 12*f - o - 7111. List the prime factors of f.
2, 5, 7
Suppose 33 = 2*g + 83. Let h = -21 - g. Suppose -h*o = -2*t + 486, -o = t + 3*o - 255. What are the prime factors of t?
13, 19
Let m(p) = -p**3 + 16*p**2 + 19*p + 21. Let g = -74 + 106. Suppose 0 = -d - 2, -2*r + 3*d = -g - 8. List the prime factors of m(r).
5, 11
Suppose n - 3*w = -0*w - 8, 0 = 4*n - w - 12. Suppose 0 = n*y + 2*y - 1188. Let h = y - 38. What are the prime factors of h?
2, 5
Let n(p) = -2*p - 20. Let k be n(-11). Suppose 0 = -k*x + 5*o + 274, 4*x + x + 4*o = 751. Let r = x - 49. List the prime factors of r.
2, 7
Let j(b) = 8569*b**3 - 79*b**2 + 78*b - 1. List the prime factors of j(1).
13, 659
Let k = 6261 + -3253. What are the prime factors of k?
2, 47
Suppose 39*m + 20 = 40*m. Suppose 1463 = m*c + 103. What are the prime factors of c?
2, 17
Suppose -5*t = -5*k + 7668 + 4937, -10100 = -4*k - 4*t. List the prime factors of k.
3, 29
Suppose 4*n = 3*t - 55403, -5*t - 69259 = 5*n - 7*t. What are the prime factors of (-1*2/2)/(7/n)?
1979
Suppose 10*x - 3*x - 7918 = 88325. What are the prime factors of x?
3, 4583
Suppose -3*o + 4 = s, 4 = 4*s - 3*o - 42. Suppose -s = -5*a + 10. Let m(k) = 35*k - 10. What are the prime factors of m(a)?
2, 5, 13
Let m(g) = g**2 - 6*g + 6. Let h be m(5). Suppose -c + 255 = 5*r - 116, -h = -r. Suppose -a - c = -4*a. List the prime factors of a.
2, 61
Let l = 10666 - -30470. What are the prime factors of l?
2, 3, 857
Suppose 5*q = 4*w - 1609, 1209 = 3*w - 0*w - 3*q. Let g be (-18)/(-27) + w/3. Let j = -81 + g. What are the prime factors of j?
5, 11
Suppose 7*k + 4 = 151. List the prime factors of (-5268)/k*(-91)/26.
2, 439
Suppose 2*s - 536 - 834 = 0. List the prime factors of s*((-1 - -3) + -10)/(-10).
2, 137
Let h be (4 + (-235)/(-15))/(3/(-126)). Let i = h - -2206. What are the prime factors of i?
2, 3, 5, 23
Let o be 10/(-25)*(0 - 55). Let r be o/6 - (-24)/(-36). Suppose 105 = 3*q + 5*w, 2*q - 2*w - 70 = -r*w. List the prime factors of q.
5, 7
Let x = 793 - 708. Suppose x*z = 68*z + 255. List the prime factors of z.
3, 5
Let o(w) = 90 - 10*w - 23 + 23 + 32*w + 47. List the prime factors of o(28).
3, 251
List the prime factors of ((-334520)/28)/(335/(-938)).
2, 8363
Suppose 5*n + q - 182 = 0, -n + 5*q = 3*n - 134. List the prime factors of n.
2, 3
Let w = -99 + 268. Suppose -5 = -5*l, h - w - 61 = 5*l. List the prime factors of h.
5, 47
Let l(j) = j**3 + 75*j**2 + 8*j + 55. List the prime factors of l(-67).
11, 3221
Let b(l) = -16*l - 350. Let t be b(-22). Suppose -t*s + 3*m + 509 = 0, -48*s + 52*s - 1063 = -3*m. List the prime factors of s.
2, 131
Let r(c) = -c**3 - 12*c**2 + 7*c + 3. Suppose 0 = -14*z + 19*z - 20. Suppose 10 = -5*l - 3*i - 43, 0 = -i + z. List the prime factors of r(l).
3
Suppose -r + 5*c = 5 + 3, c + 8 = r. Suppose -l = 4*y - 961, 0 = 2*l - 4*y + 6*y - 1898. Suppose -r*p + 3*p = -l. What are the prime factors of p?
3, 5, 7
Let h(a) = 86*a**3 - a**2 - 18*a - 69. Let p be h(-4). What are the prime factors of (1 + 0)/((6/p)/(-2))?
3, 613
Let h(n) = -2374*n - 976. What are the prime factors of h(-7)?
2, 3, 11, 79
Suppose 11*c + 72 = -7*c. List the prime factors of c - ((-10)/2 - 3) - -353.
3, 7, 17
What are the prime factors of (-48)/9*21/(-2)*160?
2, 5, 7
Suppose -3*n - 185 - 10 = 0. Let j = n - -121. Suppose 2*g + j = 152. List the prime factors of g.
2, 3
Let s = 11071 - 7202. List the prime factors of s.
53, 73
Let i(z) = 3*z**2 + 5*z - 4*z - 4 + 2*z**2 - 7*z**2. Let o be i(-3). Let r = 64 + o. List the prime factors of r.
3, 13
Let s = 2740 + 15719. List the prime factors of s.
3, 7, 293
Suppose -2693 - 43 = -19*x. Suppose 143*t = x*t - 263. What are the prime factors of t?
263
Let d(i) be the third derivative of 29*i**5/12 - 7*i**4/24 - 17*i**3/6 + 162*i**2. What are the prime factors of d(3)?
7, 181
Let z(d) = 10*d**2 + 111*d + 96. What are the prime factors of z(-34)?
2, 7, 563
List the prime factors of 0 + (40693 - (56/98)/(4/42)).
23, 29, 61
Suppose 28471*t = 28527*t - 153160. List the prime factors of t.
5, 547
Let n(k) be the first derivative of -k**5/6 - 31*k**4/24 - 2*k**3 - k - 36. Let t(v) be the third derivative of n(v). What are the prime factors of t(-11)?
3, 7
Let v(k) = -k**2 - 3*k + 57. Let g be v(7). Let u(q) = -q**3 - 8*q**2 + 9*q + 23. List the prime factors of u(g).
751
Let h(y) = y**3 - 14*y**2 - 17*y + 45. Let p be h(15). Let c be (-6)/9 + 490/p. What are the prime factors of (c/(-6))/((-6)/198)?
2, 11
Let z be (-140)/(-36) + 4/36. Let l(m) = 29*m**2 - 16*m + 6. What are the prime factors of l(z)?
2, 7, 29
Let o = 302 - 300. Suppose -o*x = -6*x + 1576. What are the prime factors of x?
2, 197
Suppose -260 = h - 14*h. Suppose 35*j = h*j + 5100. What are the prime factors of j?
2, 5, 17
Suppose 11 = -m + 12*m. Suppose -23 - m = -6*j. Suppose -2*v + j*v - 3*c = 198, 0 = -c. List the prime factors of v.
3, 11
Let a(m) = m**3 + 16*m**2 - 15*m + 19. Let w be a(-17). What are the prime factors of (-1751)/(-5) + (63/w - -5)?
3, 13
Let z(i) = 3654*i - 1869. What are the prime factors of z(4)?
3, 7, 607
Suppose -58 = 14*x + 26. Let i be ((-9)/x)/(-3)*(5 - 5). List the prime factors of (1*(i - 7))/((-36)/324).
3, 7
Let o = 196711 - 122160. What are the prime factors of o?
74551
Suppose -5*g - 12 = -667. Let i = -696 + 701. Suppose d + 137 = 4*m, -i*m + m + g = 5*d. What are the prime factors of m?
2, 17
Let z(h) be the second derivative of -h**3/2 + 153*h**2/2 - 36*h. List the prime factors of z(0).
3, 17
Suppose 0 = 130*g - 37*g - 1239225. List the prime factors of g.
5, 13, 41
Suppose -2330 + 753 = -z. Suppose -x - 18*x = -z. List the prime factors of x.
83
Let r = 12569 - 1396. What are the prime factors of r?
11173
Suppose 2*m - 118 = 4*n, -9*n + 4*n + 3*m = 145. Let w(t) = -t**3 - 30*t**2 + 20*t + 137. What are the prime factors of w(n)?
3, 5, 103
Let f(g) = 6 + 2 + g + 39*g + 3*g. List the prime factors of f(6).
2, 7, 19
List the prime factors of 1463 - ((-5)/25 - 187/(-85)).
3, 487
Let m(d) be the first derivative of 8*d**2 - 20*d - 29. Let f be m(5). Suppose 0 = -4*h + f + 380. List the prime factors of h.
2, 5, 11
Let c = -133 + 159. What are the prime factors of 18*c + (3 - 8) + 8?
3, 157
Let n = 57 - 53. Suppose 12 = n*w, 0 = 4*v - 3*v - 2*w - 27. Suppose -4*p + 115 = -v. List the prime factors of p.
37
Let y = 202 + -155. Let q = 451 - y. What are the prime factors of q?
2, 101
Suppose 4*p = -2*d + d - 60, 5*p + 75 = 4*d. What are the prime factors of 400/p*(-468)/20?
2, 3, 13
Let r(w) = -w**2 - 39*w - 161. Let k be r(-34). What are the prime factors of (1 + -2)*(k + -796)?
787
Suppose j - 16 - 8 = 0. What are the prime factors of j/156 - 3131/(-13)?
241
Let a = -145 + 165. Suppose -294 = -a*h + 14*h. What are the prime factors of h?
7
Suppose -5*y - 3*x + 17908 = 0, -3*y - 20*x + 10760 = -22*x. What are t